{"id":5377,"date":"2026-03-21T07:31:48","date_gmt":"2026-03-21T06:31:48","guid":{"rendered":"https:\/\/kovat88.synology.me\/wordpress\/?page_id=5377"},"modified":"2026-03-21T07:32:37","modified_gmt":"2026-03-21T06:32:37","slug":"messier-45","status":"publish","type":"page","link":"https:\/\/kovat88.synology.me\/wordpress\/egboltnezo\/messier-katalogus\/messier-45\/","title":{"rendered":"Messier 45"},"content":{"rendered":"<p>Ez az objektum szabad szemmel is l\u00e1that\u00f3, ismert csoportosul\u00e1s, legt\u00f6bben m\u00e9g a jap\u00e1n nev\u00e9t is tudj\u00e1k. Ez a Fiasty\u00fak, Plei\u00e1dok, Hetes, H\u00e9t n\u0151v\u00e9r, Subaru (ez a jap\u00e1n n\u00e9v), NGC 1432 (b\u00e1r ez ink\u00e1bb a csillaghalmazban felsejl\u0151 k\u00f6d azonos\u00edt\u00f3ja). Ny\u00edlt halmaz, 7 el\u00e9g f\u00e9nyes \u00e9s sz\u00e1mtalan kev\u00e9sb\u00e9 f\u00e9nyes csillaggal. Az Orion k\u00f6zel\u00e9ben l\u00e1that\u00f3. T\u00e1vols\u00e1ga 443 f\u00e9ny\u00e9v. Itt van a szomsz\u00e9dban.<\/p>\n<figure id=\"attachment_5285\" aria-describedby=\"caption-attachment-5285\" style=\"width: 760px\" class=\"wp-caption aligncenter\"><img loading=\"lazy\" decoding=\"async\" src=\"https:\/\/kovat88.synology.me\/wordpress\/wp-content\/uploads\/2025\/12\/pleiad_wm.jpg\" alt=\"Pleiadok\" width=\"770\" height=\"1300\" class=\"size-full wp-image-5285\" srcset=\"https:\/\/kovat88.synology.me\/wordpress\/wp-content\/uploads\/2025\/12\/pleiad_wm.jpg 770w, https:\/\/kovat88.synology.me\/wordpress\/wp-content\/uploads\/2025\/12\/pleiad_wm-178x300.jpg 178w, https:\/\/kovat88.synology.me\/wordpress\/wp-content\/uploads\/2025\/12\/pleiad_wm-607x1024.jpg 607w, https:\/\/kovat88.synology.me\/wordpress\/wp-content\/uploads\/2025\/12\/pleiad_wm-768x1297.jpg 768w\" sizes=\"auto, (max-width: 770px) 100vw, 770px\" \/><figcaption id=\"caption-attachment-5285\" class=\"wp-caption-text\">Pleiadok<\/figcaption><\/figure>\n<p><a href=\"https:\/\/kovat88.synology.me\/wordpress\/egboltnezo\/messier-katalogus\/\">Vissza a katal\u00f3gus oldalra<\/a><\/p>\n","protected":false},"excerpt":{"rendered":"<p>Ez az objektum szabad szemmel is l\u00e1that\u00f3, ismert csoportosul\u00e1s, legt\u00f6bben m\u00e9g a jap\u00e1n nev\u00e9t is tudj\u00e1k. Ez a Fiasty\u00fak, Plei\u00e1dok, Hetes, H\u00e9t n\u0151v\u00e9r, Subaru (ez a jap\u00e1n n\u00e9v), NGC 1432 (b\u00e1r ez ink\u00e1bb a csillaghalmazban felsejl\u0151 k\u00f6d azonos\u00edt\u00f3ja). Ny\u00edlt halmaz, 7 el\u00e9g f\u00e9nyes \u00e9s sz\u00e1mtalan kev\u00e9sb\u00e9 f\u00e9nyes csillaggal. Az Orion k\u00f6zel\u00e9ben l\u00e1that\u00f3. T\u00e1vols\u00e1ga 443 f\u00e9ny\u00e9v. &#8230; <a title=\"Messier 45\" class=\"read-more\" href=\"https:\/\/kovat88.synology.me\/wordpress\/egboltnezo\/messier-katalogus\/messier-45\/\" aria-label=\"Read more about Messier 45\">Olvass tov\u00e1bb<\/a><\/p>\n","protected":false},"author":1,"featured_media":0,"parent":5314,"menu_order":1045,"comment_status":"closed","ping_status":"closed","template":"","meta":{"footnotes":""},"class_list":["post-5377","page","type-page","status-publish"],"_links":{"self":[{"href":"https:\/\/kovat88.synology.me\/wordpress\/wp-json\/wp\/v2\/pages\/5377","targetHints":{"allow":["GET"]}}],"collection":[{"href":"https:\/\/kovat88.synology.me\/wordpress\/wp-json\/wp\/v2\/pages"}],"about":[{"href":"https:\/\/kovat88.synology.me\/wordpress\/wp-json\/wp\/v2\/types\/page"}],"author":[{"embeddable":true,"href":"https:\/\/kovat88.synology.me\/wordpress\/wp-json\/wp\/v2\/users\/1"}],"replies":[{"embeddable":true,"href":"https:\/\/kovat88.synology.me\/wordpress\/wp-json\/wp\/v2\/comments?post=5377"}],"version-history":[{"count":2,"href":"https:\/\/kovat88.synology.me\/wordpress\/wp-json\/wp\/v2\/pages\/5377\/revisions"}],"predecessor-version":[{"id":5381,"href":"https:\/\/kovat88.synology.me\/wordpress\/wp-json\/wp\/v2\/pages\/5377\/revisions\/5381"}],"up":[{"embeddable":true,"href":"https:\/\/kovat88.synology.me\/wordpress\/wp-json\/wp\/v2\/pages\/5314"}],"wp:attachment":[{"href":"https:\/\/kovat88.synology.me\/wordpress\/wp-json\/wp\/v2\/media?parent=5377"}],"curies":[{"name":"wp","href":"https:\/\/api.w.org\/{rel}","templated":true}]}}